{"id":117932,"date":"2023-07-12T16:41:02","date_gmt":"2023-07-12T14:41:02","guid":{"rendered":"http:\/\/espacesantefamille.com\/?page_id=117932"},"modified":"2025-11-04T22:32:46","modified_gmt":"2025-11-04T21:32:46","slug":"reseau","status":"publish","type":"page","link":"https:\/\/espacesantefamille.com\/index.php\/reseau\/","title":{"rendered":"Reseau"},"content":{"rendered":"<div class=\"wpb-content-wrapper\"><p>[vc_row row_height_percent=\u00a0\u00bb65&Prime; override_padding=\u00a0\u00bbyes\u00a0\u00bb h_padding=\u00a0\u00bb2&Prime; top_padding=\u00a0\u00bb3&Prime; bottom_padding=\u00a0\u00bb3&Prime; back_image=\u00a0\u00bb118133&Prime; back_position=\u00a0\u00bbcenter center\u00a0\u00bb parallax=\u00a0\u00bbyes\u00a0\u00bb kburns=\u00a0\u00bbzoom\u00a0\u00bb overlay_alpha=\u00a0\u00bb50&Prime; gutter_size=\u00a0\u00bb3&Prime; column_width_percent=\u00a0\u00bb100&Prime; shift_y=\u00a0\u00bb0&Prime; z_index=\u00a0\u00bb0&Prime; top_divider=\u00a0\u00bbgradient\u00a0\u00bb uncode_shortcode_id=\u00a0\u00bb209472&Prime;][vc_column column_width_percent=\u00a0\u00bb100&Prime; position_vertical=\u00a0\u00bbmiddle\u00a0\u00bb gutter_size=\u00a0\u00bb2&Prime; style=\u00a0\u00bbdark\u00a0\u00bb overlay_alpha=\u00a0\u00bb50&Prime; shift_x=\u00a0\u00bb0&Prime; shift_y=\u00a0\u00bb0&Prime; shift_y_down=\u00a0\u00bb0&Prime; z_index=\u00a0\u00bb0&Prime; medium_width=\u00a0\u00bb0&Prime; mobile_width=\u00a0\u00bb0&Prime; width=\u00a0\u00bb1\/1&Prime;][\/vc_column][\/vc_row][vc_row row_height_percent=\u00a0\u00bb0&Prime; override_padding=\u00a0\u00bbyes\u00a0\u00bb h_padding=\u00a0\u00bb2&Prime; top_padding=\u00a0\u00bb4&Prime; bottom_padding=\u00a0\u00bb2&Prime; back_color=\u00a0\u00bbcolor-xsdn\u00a0\u00bb overlay_alpha=\u00a0\u00bb50&Prime; gutter_size=\u00a0\u00bb3&Prime; column_width_percent=\u00a0\u00bb100&Prime; shift_y=\u00a0\u00bb0&Prime; z_index=\u00a0\u00bb0&Prime; uncode_shortcode_id=\u00a0\u00bb170893&Prime; back_color_type=\u00a0\u00bbuncode-palette\u00a0\u00bb][vc_column column_width_percent=\u00a0\u00bb100&Prime; position_vertical=\u00a0\u00bbmiddle\u00a0\u00bb align_horizontal=\u00a0\u00bbalign_center\u00a0\u00bb gutter_size=\u00a0\u00bb3&Prime; overlay_alpha=\u00a0\u00bb50&Prime; shift_x=\u00a0\u00bb0&Prime; shift_y=\u00a0\u00bb0&Prime; shift_y_down=\u00a0\u00bb0&Prime; z_index=\u00a0\u00bb0&Prime; medium_width=\u00a0\u00bb0&Prime; mobile_width=\u00a0\u00bb0&Prime; width=\u00a0\u00bb1\/1&Prime; uncode_shortcode_id=\u00a0\u00bb877479&Prime;][vc_custom_heading text_color=\u00a0\u00bbcolor-jevc\u00a0\u00bb heading_semantic=\u00a0\u00bbh3&Prime; text_size=\u00a0\u00bbh3&Prime; text_transform=\u00a0\u00bbuppercase\u00a0\u00bb css_animation=\u00a0\u00bbzoom-out\u00a0\u00bb uncode_shortcode_id=\u00a0\u00bb541683&Prime; text_color_type=\u00a0\u00bbuncode-palette\u00a0\u00bb]<\/p>\n<div class=\"page\" title=\"Page 1\">\n<div class=\"section\">\n<div class=\"layoutArea\">\n<div class=\"column\">\n<h2>MISE \u00c0 DISPOSITION DES PERSONNES<\/h2>\n<\/div>\n<\/div>\n<\/div>\n<\/div>\n<p>[\/vc_custom_heading][vc_gallery el_id=\u00a0\u00bbgallery-199687&Prime; type=\u00a0\u00bbcarousel\u00a0\u00bb medias=\u00a0\u00bb118777,118776,118544,118775&Prime; carousel_lg=\u00a0\u00bb4&Prime; carousel_md=\u00a0\u00bb2&Prime; carousel_sm=\u00a0\u00bb1&Prime; gutter_size=\u00a0\u00bb2&Prime; media_items=\u00a0\u00bbmedia|custom_link|original,icon\u00a0\u00bb carousel_interval=\u00a0\u00bb3000&Prime; carousel_navspeed=\u00a0\u00bb400&Prime; carousel_loop=\u00a0\u00bbyes\u00a0\u00bb carousel_nav=\u00a0\u00bbyes\u00a0\u00bb carousel_dots=\u00a0\u00bbyes\u00a0\u00bb carousel_dots_inside=\u00a0\u00bbyes\u00a0\u00bb carousel_dot_padding=\u00a0\u00bb2&Prime; stage_padding=\u00a0\u00bb0&Prime; single_overlay_opacity=\u00a0\u00bb50&Prime; single_overlay_anim=\u00a0\u00bbno\u00a0\u00bb single_h_align=\u00a0\u00bbcenter\u00a0\u00bb single_padding=\u00a0\u00bb2&Prime; single_border=\u00a0\u00bbyes\u00a0\u00bb uncode_shortcode_id=\u00a0\u00bb633264&Prime; items=\u00a0\u00bbeyIxMTgzMzRfaSI6eyJzaW5nbGVfbGluayI6InVybDpodHRwcyUzQSUyRiUyRmVzcGFjZXNhbnRlZmFtaWxsZS5jb20lMkZpbmRleC5waHAlMkZwcmV2ZW50aW9uJTJGfHRpdGxlOlByZXZlbnRpb258dGFyZ2V0Ol9ibGFuayJ9LCIxMTgzMzVfaSI6eyJzaW5nbGVfbGluayI6InVybDpodHRwcyUzQSUyRiUyRmVzcGFjZXNhbnRlZmFtaWxsZS5jb20lMkZpbmRleC5waHAlMkZyZW5jb250cmUlMkZ8dGl0bGU6UmVuY29udHJlfHRhcmdldDpfYmxhbmsifSwiMTE4MzM2X2kiOnsic2luZ2xlX2xpbmsiOiJ1cmw6aHR0cHMlM0ElMkYlMkZlc3BhY2VzYW50ZWZhbWlsbGUuY29tJTJGaW5kZXgucGhwJTJGcmVzZWF1JTJGfHRpdGxlOlJlc2VhdXx0YXJnZXQ6X2JsYW5rIn0sIjExODM1NV9pIjp7InNpbmdsZV9saW5rIjoidXJsOmh0dHBzJTNBJTJGJTJGZXNwYWNlc2FudGVmYW1pbGxlLmNvbSUyRmluZGV4LnBocCUyRmZhbWlsbGUlMkZ8dGl0bGU6RmFtaWxsZXx0YXJnZXQ6X2JsYW5rIn0sIjExODM1NF9pIjp7InNpbmdsZV9saW5rIjoidXJsOmh0dHBzJTNBJTJGJTJGZXNwYWNlc2FudGVmYW1pbGxlLmNvbSUyRmluZGV4LnBocCUyRmV4aWwlMkZ8dGl0bGU6RXhpbHx0YXJnZXQ6X2JsYW5rIn0sIjExODM1M19pIjp7InNpbmdsZV9saW5rIjoidXJsOmh0dHBzJTNBJTJGJTJGZXNwYWNlc2FudGVmYW1pbGxlLmNvbSUyRmluZGV4LnBocCUyRmVuZmFudCUyRnx0aXRsZTpFbmZhbnR8dGFyZ2V0Ol9ibGFuayJ9LCIxMTgzNTFfaSI6eyJzaW5nbGVfbGluayI6InVybDpodHRwcyUzQSUyRiUyRmVzcGFjZXNhbnRlZmFtaWxsZS5jb20lMkZpbmRleC5waHAlMkZhZHVsdGUlMkZ8dGl0bGU6QWR1bHRlfHRhcmdldDpfYmxhbmsifSwiMTE4MzUyX2kiOnsic2luZ2xlX2xpbmsiOiJ1cmw6aHR0cHMlM0ElMkYlMkZlc3BhY2VzYW50ZWZhbWlsbGUuY29tJTJGaW5kZXgucGhwJTJGY291cGxlJTJGfHRpdGxlOkNvdXBsZXx0YXJnZXQ6X2JsYW5rIn0sIjExODM1MF9pIjp7InNpbmdsZV9saW5rIjoidXJsOmh0dHBzJTNBJTJGJTJGZXNwYWNlc2FudGVmYW1pbGxlLmNvbSUyRmluZGV4LnBocCUyRmEtZG9taWNpbCUyRnx0aXRsZTpBJTIwZG9taWNpbHx0YXJnZXQ6X2JsYW5rIn0sIjExODM5MF9pIjp7InNpbmdsZV9saW5rIjoidXJsOmh0dHBzJTNBJTJGJTJGZXNwYWNlc2FudGVmYW1pbGxlLmNvbSUyRmluZGV4LnBocCUyRmZhbWlsbGUlMkZ8dGl0bGU6RmFtaWxsZXx0YXJnZXQ6X2JsYW5rIn0sIjExODM5MV9pIjp7InNpbmdsZV9saW5rIjoidXJsOmh0dHBzJTNBJTJGJTJGZXNwYWNlc2FudGVmYW1pbGxlLmNvbSUyRmluZGV4LnBocCUyRmNvdXBsZSUyRnx0aXRsZTpDb3VwbGV8dGFyZ2V0Ol9ibGFuayJ9LCIxMTgzOTJfaSI6eyJzaW5nbGVfbGluayI6InVybDpodHRwcyUzQSUyRiUyRmVzcGFjZXNhbnRlZmFtaWxsZS5jb20lMkZpbmRleC5waHAlMkZhZHVsdGUlMkZ8dGl0bGU6QWR1bHRlIn0sIjExODM5M19pIjp7InNpbmdsZV9saW5rIjoidXJsOmh0dHBzJTNBJTJGJTJGZXNwYWNlc2FudGVmYW1pbGxlLmNvbSUyRmluZGV4LnBocCUyRmVuZmFudCUyRnx0aXRsZTpFbmZhbnR8dGFyZ2V0Ol9ibGFuayJ9LCIxMTgzOTRfaSI6eyJzaW5nbGVfbGluayI6InVybDpodHRwcyUzQSUyRiUyRmVzcGFjZXNhbnRlZmFtaWxsZS5jb20lMkZpbmRleC5waHAlMkZleGlsJTJGfHRpdGxlOkV4aWx8dGFyZ2V0Ol9ibGFuayJ9LCIxMTgzOTVfaSI6eyJzaW5nbGVfbGluayI6InVybDpodHRwcyUzQSUyRiUyRmVzcGFjZXNhbnRlZmFtaWxsZS5jb20lMkZpbmRleC5waHAlMkZhLWRvbWljaWwlMkZ8dGl0bGU6QSUyMGRvbWljaWx8dGFyZ2V0Ol9ibGFuayJ9LCIxMTg0MjhfaSI6eyJzaW5nbGVfbGluayI6InVybDpodHRwcyUzQSUyRiUyRmVzcGFjZXNhbnRlZmFtaWxsZS5jb20lMkZpbmRleC5waHAlMkZmYW1pbGxlJTJGfHRpdGxlOkZhbWlsbGV8dGFyZ2V0Ol9ibGFuayJ9LCIxMTg0MjlfaSI6eyJzaW5nbGVfbGluayI6InVybDpodHRwcyUzQSUyRiUyRmVzcGFjZXNhbnRlZmFtaWxsZS5jb20lMkZpbmRleC5waHAlMkZjb3VwbGUlMkZ8dGl0bGU6Q291cGxlfHRhcmdldDpfYmxhbmsifSwiMTE4NDMwX2kiOnsic2luZ2xlX2xpbmsiOiJ1cmw6aHR0cHMlM0ElMkYlMkZlc3BhY2VzYW50ZWZhbWlsbGUuY29tJTJGaW5kZXgucGhwJTJGYWR1bHRlJTJGfHRpdGxlOkFkdWx0ZXx0YXJnZXQ6X2JsYW5rIn0sIjExODQzMV9pIjp7InNpbmdsZV9saW5rIjoidXJsOmh0dHBzJTNBJTJGJTJGZXNwYWNlc2FudGVmYW1pbGxlLmNvbSUyRmluZGV4LnBocCUyRmVuZmFudCUyRnx0aXRsZTpFbmZhbnR8dGFyZ2V0Ol9ibGFuayJ9LCIxMTg0MzJfaSI6eyJzaW5nbGVfbGluayI6InVybDpodHRwcyUzQSUyRiUyRmVzcGFjZXNhbnRlZmFtaWxsZS5jb20lMkZpbmRleC5waHAlMkZleGlsJTJGfHRpdGxlOkV4aWx8dGFyZ2V0Ol9ibGFuayJ9LCIxMTg0MzNfaSI6eyJzaW5nbGVfbGluayI6InVybDpodHRwcyUzQSUyRiUyRmVzcGFjZXNhbnRlZmFtaWxsZS5jb20lMkZpbmRleC5waHAlMkZhLWRvbWljaWwlMkZ8dGl0bGU6QSUyMGRvbWljaWx8dGFyZ2V0Ol9ibGFuayJ9fQ==\u00a0\u00bb][\/vc_column][\/vc_row][vc_row row_height_percent=\u00a0\u00bb0&Prime; override_padding=\u00a0\u00bbyes\u00a0\u00bb h_padding=\u00a0\u00bb2&Prime; top_padding=\u00a0\u00bb5&Prime; bottom_padding=\u00a0\u00bb5&Prime; back_color=\u00a0\u00bbcolor-xsdn\u00a0\u00bb overlay_alpha=\u00a0\u00bb50&Prime; gutter_size=\u00a0\u00bb4&Prime; column_width_percent=\u00a0\u00bb100&Prime; shift_y=\u00a0\u00bb0&Prime; z_index=\u00a0\u00bb1&Prime; top_divider=\u00a0\u00bbgradient\u00a0\u00bb bottom_divider=\u00a0\u00bbgradient\u00a0\u00bb uncode_shortcode_id=\u00a0\u00bb183479&Prime; back_color_type=\u00a0\u00bbuncode-palette\u00a0\u00bb][vc_column column_width_percent=\u00a0\u00bb100&Prime; gutter_size=\u00a0\u00bb2&Prime; overlay_alpha=\u00a0\u00bb50&Prime; shift_x=\u00a0\u00bb0&Prime; shift_y=\u00a0\u00bb0&Prime; shift_y_down=\u00a0\u00bb0&Prime; z_index=\u00a0\u00bb0&Prime; medium_width=\u00a0\u00bb0&Prime; mobile_width=\u00a0\u00bb0&Prime; width=\u00a0\u00bb1\/1&Prime;][vc_custom_heading text_color=\u00a0\u00bbcolor-jevc\u00a0\u00bb heading_semantic=\u00a0\u00bbh6&Prime; text_size=\u00a0\u00bbh6&Prime; text_transform=\u00a0\u00bbuppercase\u00a0\u00bb css_animation=\u00a0\u00bbzoom-out\u00a0\u00bb uncode_shortcode_id=\u00a0\u00bb223944&Prime; text_color_type=\u00a0\u00bbuncode-palette\u00a0\u00bb]<\/p>\n<div class=\"page\" title=\"Page 1\">\n<div class=\"section\">\n<div class=\"layoutArea\">\n<div class=\"column\">\n<h2><span style=\"color: #f1d6d6;\"><b>|&nbsp;<\/b><\/span>\ud83c\udf10 Axe R\u00e9seau \u2014 Professionnels &amp; Particuliers<span style=\"color: #f1d6d6;\">.<\/span><\/h2>\n<\/div>\n<\/div>\n<\/div>\n<\/div>\n<p>[\/vc_custom_heading][vc_row_inner limit_content=\u00a0\u00bb\u00a0\u00bb][vc_column_inner width=\u00a0\u00bb1\/1&Prime;][vc_column_text text_color=\u00a0\u00bbcolor-jevc\u00a0\u00bb uncode_shortcode_id=\u00a0\u00bb294609&Prime; text_color_type=\u00a0\u00bbuncode-palette\u00a0\u00bb]<\/p>\n<div class=\"flex-1 overflow-hidden\">\n<div class=\"react-scroll-to-bottom--css-cmlgt-79elbk h-full\">\n<div class=\"react-scroll-to-bottom--css-cmlgt-1n7m0yu\">\n<div class=\"flex flex-col text-sm pb-9\">\n<div class=\"w-full text-token-text-primary\" data-testid=\"conversation-turn-19\">\n<div class=\"px-4 py-2 justify-center text-base md:gap-6 m-auto\">\n<div class=\"flex flex-1 text-base mx-auto gap-3 md:px-5 lg:px-1 xl:px-5 md:max-w-3xl lg:max-w-[40rem] xl:max-w-[48rem] group final-completion\">\n<div class=\"relative flex w-full flex-col agent-turn\">\n<div class=\"flex-col gap-1 md:gap-3\">\n<div class=\"flex flex-grow flex-col max-w-full\">\n<div class=\"min-h-[20px] text-message flex flex-col items-start gap-3 whitespace-pre-wrap break-words [.text-message+&amp;]:mt-5 overflow-x-auto\" data-message-author-role=\"assistant\" data-message-id=\"8aad15c9-270f-4b5d-9ac8-6b91874be180\">\n<div class=\"markdown prose w-full break-words dark:prose-invert light\">\n<h3 data-start=\"192\" data-end=\"259\"><strong data-start=\"192\" data-end=\"259\">Favoriser la collaboration, l\u2019inclusion et la qualit\u00e9 des soins<\/strong><\/h3>\n<p data-start=\"261\" data-end=\"858\">Au c\u0153ur de notre centre se trouve une <strong data-start=\"299\" data-end=\"362\">banque de donn\u00e9es regroupant des professionnels de la sant\u00e9<\/strong> aux comp\u00e9tences vari\u00e9es, avec une attention particuli\u00e8re port\u00e9e \u00e0 la <strong data-start=\"432\" data-end=\"472\">diversit\u00e9 linguistique et culturelle<\/strong>.<br data-start=\"473\" data-end=\"476\">Dans une soci\u00e9t\u00e9 de plus en plus multiculturelle, nous valorisons les praticiens <strong data-start=\"557\" data-end=\"572\">polyglottes<\/strong> capables de comprendre les diff\u00e9rentes r\u00e9alit\u00e9s linguistiques et culturelles de leurs patients.<br data-start=\"668\" data-end=\"671\">Cette approche favorise une <strong data-start=\"699\" data-end=\"752\">communication fluide, respectueuse et authentique<\/strong>, essentielle \u00e0 une prise en charge adapt\u00e9e et \u00e0 un <strong data-start=\"804\" data-end=\"855\">environnement de soins inclusif et bienveillant<\/strong>.<\/p>\n<hr data-start=\"860\" data-end=\"863\">\n<h3 data-start=\"865\" data-end=\"910\"><strong data-start=\"870\" data-end=\"910\">Des espaces pens\u00e9s pour les familles<\/strong><\/h3>\n<p data-start=\"911\" data-end=\"1193\">Le centre se distingue \u00e9galement par la <strong data-start=\"951\" data-end=\"1005\">mise \u00e0 disposition de locaux sp\u00e9cialement am\u00e9nag\u00e9s<\/strong> pour accueillir les familles.<br data-start=\"1035\" data-end=\"1038\">Reconnaissant le r\u00f4le fondamental du <strong data-start=\"1075\" data-end=\"1125\">soutien familial dans le processus de gu\u00e9rison<\/strong>, nous avons con\u00e7u des espaces chaleureux et adapt\u00e9s, favorisant :<\/p>\n<ul data-start=\"1194\" data-end=\"1396\">\n<li data-start=\"1194\" data-end=\"1255\">\n<p data-start=\"1196\" data-end=\"1255\">la <strong data-start=\"1199\" data-end=\"1230\">pr\u00e9sence active des proches<\/strong> tout au long du suivi,<\/p>\n<\/li>\n<li data-start=\"1256\" data-end=\"1325\">\n<p data-start=\"1258\" data-end=\"1325\">l\u2019<strong data-start=\"1260\" data-end=\"1322\">interaction positive entre patients, familles et soignants<\/strong>,<\/p>\n<\/li>\n<li data-start=\"1326\" data-end=\"1396\">\n<p data-start=\"1328\" data-end=\"1396\">un <strong data-start=\"1331\" data-end=\"1350\">cadre rassurant<\/strong> propice au bien-\u00eatre et \u00e0 la collaboration.<\/p>\n<\/li>\n<\/ul>\n<p data-start=\"1398\" data-end=\"1580\">Ces installations contribuent \u00e0 une <strong data-start=\"1434\" data-end=\"1461\">prise en charge globale<\/strong> o\u00f9 chaque membre de la famille trouve sa place, renfor\u00e7ant ainsi <strong data-start=\"1527\" data-end=\"1577\">l\u2019efficacit\u00e9 et la qualit\u00e9 des soins dispens\u00e9s<\/strong>.<\/p>\n<\/div>\n<\/div>\n<\/div>\n<\/div>\n<\/div>\n<\/div>\n<\/div>\n<\/div>\n<\/div>\n<\/div>\n<\/div>\n<\/div>\n<p>[\/vc_column_text][\/vc_column_inner][\/vc_row_inner][\/vc_column][\/vc_row][vc_row][vc_column width=\u00a0\u00bb1\/1&Prime;][vc_row_inner][vc_column_inner width=\u00a0\u00bb1\/2&Prime;][vc_single_image media=\u00a0\u00bb118853&Prime; media_width_percent=\u00a0\u00bb100&Prime; uncode_shortcode_id=\u00a0\u00bb588180&Prime;][\/vc_column_inner][vc_column_inner width=\u00a0\u00bb1\/2&Prime;][vc_single_image media=\u00a0\u00bb118854&Prime; media_width_percent=\u00a0\u00bb100&Prime; uncode_shortcode_id=\u00a0\u00bb508959&Prime;][\/vc_column_inner][\/vc_row_inner][\/vc_column][\/vc_row]<\/p>\n<\/div>","protected":false},"excerpt":{"rendered":"<p>[vc_row row_height_percent=\u00a0\u00bb65&Prime; override_padding=\u00a0\u00bbyes\u00a0\u00bb h_padding=\u00a0\u00bb2&Prime; top_padding=\u00a0\u00bb3&Prime; bottom_padding=\u00a0\u00bb3&Prime; back_image=\u00a0\u00bb118133&Prime; back_position=\u00a0\u00bbcenter center\u00a0\u00bb parallax=\u00a0\u00bbyes\u00a0\u00bb kburns=\u00a0\u00bbzoom\u00a0\u00bb overlay_alpha=\u00a0\u00bb50&Prime; gutter_size=\u00a0\u00bb3&Prime; column_width_percent=\u00a0\u00bb100&Prime; shift_y=\u00a0\u00bb0&Prime; z_index=\u00a0\u00bb0&Prime; top_divider=\u00a0\u00bbgradient\u00a0\u00bb uncode_shortcode_id=\u00a0\u00bb209472&Prime;][vc_column column_width_percent=\u00a0\u00bb100&Prime; position_vertical=\u00a0\u00bbmiddle\u00a0\u00bb [&hellip;]<\/p>\n","protected":false},"author":1,"featured_media":0,"parent":0,"menu_order":0,"comment_status":"closed","ping_status":"closed","template":"","meta":{"footnotes":""},"class_list":["post-117932","page","type-page","status-publish","hentry"],"_links":{"self":[{"href":"https:\/\/espacesantefamille.com\/index.php\/wp-json\/wp\/v2\/pages\/117932","targetHints":{"allow":["GET"]}}],"collection":[{"href":"https:\/\/espacesantefamille.com\/index.php\/wp-json\/wp\/v2\/pages"}],"about":[{"href":"https:\/\/espacesantefamille.com\/index.php\/wp-json\/wp\/v2\/types\/page"}],"author":[{"embeddable":true,"href":"https:\/\/espacesantefamille.com\/index.php\/wp-json\/wp\/v2\/users\/1"}],"replies":[{"embeddable":true,"href":"https:\/\/espacesantefamille.com\/index.php\/wp-json\/wp\/v2\/comments?post=117932"}],"version-history":[{"count":21,"href":"https:\/\/espacesantefamille.com\/index.php\/wp-json\/wp\/v2\/pages\/117932\/revisions"}],"predecessor-version":[{"id":118894,"href":"https:\/\/espacesantefamille.com\/index.php\/wp-json\/wp\/v2\/pages\/117932\/revisions\/118894"}],"wp:attachment":[{"href":"https:\/\/espacesantefamille.com\/index.php\/wp-json\/wp\/v2\/media?parent=117932"}],"curies":[{"name":"wp","href":"https:\/\/api.w.org\/{rel}","templated":true}]}}